 (base 8) in base 10?
2099
-a45 (base 11) to base 10
-1259
1436 (base 8) to base 11
666
1101110001110 (base 2) to base 6
52354
Convert 4683 (base 10) to base 12.
2863
9311 (base 11) to base 14
4706
Convert 52505 (base 6) to base 7.
26456
Convert 158 (base 12) to base 8.
324
Convert -304055 (base 7) to base 3.
-2122002202
What is c9 (base 16) in base 7?
405
246 (base 10) to base 13
15c
Convert -3171 (base 8) to base 13.
-9a6
Convert -153511 (base 7) to base 14.
-ad78
Convert 11432 (base 7) to base 8.
5623
What is 1015 (base 6) in base 14?
123
4268 (base 9) to base 7
12104
Convert -322004 (base 5) to base 16.
-2a7f
What is -2331240 (base 5) in base 14?
-117b9
What is 40312 (base 9) in base 14?
992a
What is 493 (base 12) in base 11?
575
What is -3313 (base 8) in base 13?
-a3a
-a4 (base 11) to base 15
-79
42294 (base 10) to base 6
523450
10101100000111 (base 2) to base 10
11015
Convert -124643 (base 8) to base 4.
-22212203
2834 (base 11) to base 5
104132
-63111 (base 7) to base 14
-5908
What is -968 (base 11) in base 16?
-48b
What is -6a0 (base 15) in base 9?
-2046
1240 (base 6) to base 9
376
What is 1995 (base 10) in base 13?
ba6
-366 (base 15) to base 3
-1001120
Convert -7148 (base 9) to base 5.
-131403
Convert 51013 (base 8) to base 14.
7923
Convert -191 (base 10) to base 12.
-13b
2b455 (base 12) to base 7
343124
What is -15580 (base 11) in base 4?
-11113211
What is 45612 (base 7) in base 16?
2d66
2f53 (base 16) to base 13
568c
Convert 2181 (base 10) to base 9.
2883
What is -348 (base 12) in base 5?
-3423
What is 3124 (base 5) in base 13?
25b
What is 10100001 (base 2) in base 12?
115
What is 20220 (base 5) in base 16?
51e
3858 (base 11) to base 14
1b8c
What is 125 (base 10) in base 3?
11122
Convert -1cd (base 14) to base 4.
-11321
1109 (base 13) to base 9
3228
-11133 (base 4) to base 5
-2401
-32321 (base 4) to base 15
-438
What is 1153 (base 8) in base 12?
437
What is 16298 (base 10) in base 16?
3faa
10183 (base 9) to base 7
25404
What is 413b (base 15) in base 8?
32725
What is -681 (base 10) in base 5?
-10211
Convert -26330 (base 7) to base 9.
-10568
Convert 28b0 (base 12) to base 15.
1610
What is 2331 (base 5) in base 14?
1a5
What is -132313 (base 4) in base 7?
-5521
-20044 (base 8) to base 5
-230403
Convert -19193 (base 13) to base 4.
-23313233
What is a06 (base 12) in base 16?
5a6
What is -4406 (base 8) in base 11?
-1810
What is 5205 (base 11) in base 7?
26060
3166 (base 7) to base 16
466
2ab0 (base 16) to base 15
3388
What is 135144 (base 6) in base 16?
3208
What is -2041 (base 7) in base 2?
-1011001011
Convert -112211110 (base 3) to base 10.
-10812
Convert -2010 (base 4) to base 7.
-246
Convert -13d (base 14) to base 5.
-2001
Convert 6e2 (base 15) to base 6.
11122
Convert -3c9 (base 13) to base 12.
-480
-151332 (base 6) to base 14
-546c
Convert 139 (base 10) to base 13.
a9
Convert -b94 (base 15) to base 8.
-5066
-95b7 (base 14) to base 2
-110010011101101
What is 12136 (base 7) in base 10?
3163
16432 (base 9) to base 6
124132
What is -24232 (base 5) in base 6?
-12225
Convert -2a1 (base 13) to base 5.
-3334
What is -636 (base 8) in base 10?
-414
a83 (base 13) to base 10
1797
What is -36d9 (base 15) in base 11?
-8858
What is -654 (base 9) in base 4?
-20113
Convert -23130 (base 4) to base 16.
-2dc
d2a9 (base 14) to base 10
36213
4031 (base 5) to base 10
516
-304 (base 13) to base 7
-1330
Convert 1011010100 (base 2) to base 10.
724
1110220 (base 5) to base 16
4beb
Convert 7320 (base 8) to base 9.
5173
What is -2631 (base 8) in base 5?
-21213
b62 (base 12) to base 6
11402
What is 132140 (base 5) in base 10?
5295
Convert 3694 (base 11) to base 4.
1023112
Convert -e1 (base 15) to base 2.
-11010011
-2043 (base 5) to base 2
-100010001
Convert 313 (base 16) to base 15.
377
2526 (base 10) to base 9
3416
Convert 33650 (base 7) to base 16.
2171
What is -10431 (base 6) in base 13?
-883
Convert -cba (base 13) to base 16.
-885
-31656 (base 7) to base 3
-101210220
Convert 126 (base 10) to base 13.
99
Convert -2107 (base 10) to base 8.
-4073
What is 339 (base 12) in base 15?
21c
What is -21222212 (base 3) in base 12?
-3458
Convert 325 (base 9) to base 8.
412
Convert -166b7 (base 12) to base 16.
-7d6b
Convert 2555 (base 7) to base 4.
33023
What is -768 (base 15) in base 10?
-1673
41252 (base 8) to base 3
212102002
What is 1143 (base 11) in base 7?
4241
Convert -2613 (base 9) to base 14.
-9da
Convert -112b (base 14) to base 12.
-1883
Convert -52214 (base 8) to base 15.
-662e
What is -201342 (base 5) in base 6?
-45544
Convert 5173 (base 12) to base 14.
3339
Convert -174 (base 9) to base 10.
-148
-2220 (base 5) to base 7
-622
Convert 1000111110100101 (base 2) to base 10.
36773
What is -a0dd (base 15) in base 10?
-33958
Convert 8603 (base 9) to base 10.
6321
What is -110111111 (base 2) in base 14?
-23d
Convert -a7 (base 14) to base 9.
-173
-111 (base 3) to base 11
-12
Convert -46362 (base 9) to base 5.
-1442132
Convert 61216 (base 9) to base 3.
2001020120
What is -100100010000 (base 2) in base 14?
-bba
What is 3176 (base 11) in base 2?
1000001100101
What is 12320103 (base 4) in base 10?
28179
What is -31210 (base 6) in base 11?
-3162
What is -14516 (base 7) in base 3?
-12112022
-b82 (base 14) to base 8
-4336
What is 2231 (base 5) in base 16?
13c
What is 1a8 (base 15) in base 3?
112012
What is -101110000000010 (base 2) in base 7?
-125446
What is 21020100 (base 3) in base 16?
149a
Convert -240102 (base 5) to base 2.
-10001001001001
2075 (base 13) to base 10
4490
What is -220 (base 8) in base 5?
-1034
Convert 430 (base 13) to base 2.
1011001011
What is 21899 (base 11) in base 5?
2003224
-c (base 16) to base 7
-15
Convert 285 (base 13) to base 15.
1ec
1667c (base 14) to base 6
1112010
What is -8358 (base 10) in base 11?
-6309
What is 111110100 (base 2) in base 11?
415
What is -646 (base 7) in base 13?
-1c3
-110111110101101 (base 2) to base 4
-12332231
What is 3144 (base 9) in base 7?
6505
What is 1547 (base 8) in base 6?
4011
What is -2b363 (base 12) in base 3?
-10002122210
-11324 (base 7) to base 4
-231131
220102001 (base 3) to base 5
1032134
What is 361a (base 15) in base 2?
10110011101100
Convert 1111101111000 (base 2) to base 4.
1331320
-21c (base 15) to base 4
-13131
5b2c (base 14) to base 8
37054
Convert 2012333 (base 4) to base 3.
102211222
-fd9 (base 16) to base 14
-169b
Convert -9327 (base 14) to base 8.
-61347
-144441 (base 6) to base 9
-21167
Convert 536 (base 10) to base 14.
2a4
What is b950 (base 12) in base 3?
1000221020
What is 2011222 (base 4) in base 2?
10000101101010
What is 31a1 (base 13) in base 3?
100110020
Convert -1183 (base 9) to base 11.
-735
34437 (base 8) to base 12
8567
What is -6157 (base 10) in base 12?
-3691
What is 2064 (base 8) in base 7?
3065
What is 244 (base 9) in base 6?
534
Convert -10010000100 (base 2) to base 8.
-2204
Convert -132 (base 5) to base 13.
-33
100236 (base 7) to base 5
1020212
9a75 (base 15) to base 4
13333133
What is 110110110 (base 2) in base 10?
438
-301000 (base 6) to base 5
-1223134
What is -10000011110100 (base 2) in base 15?
-2776
What is 8855 (base 15) in base 13?
101b7
What is -262 (base 11) in base 8?
-466
What is -30601 (base 8) in base 6?
-134401
Convert -1010 (base 7) to base 3.
-110222
-60da (base 15) to base 4
-10333213
305012 (base 6) to base 10
24416
Convert 14242 (base 5) to base 14.
617
Convert -213320 (base 4) to base 5.
-40202
Convert -1211 (base 5) to base 9.
-221
-600 (base 11) to base 5
-10401
-686 (base 10) to base 13
-40a
Convert 25930 (base 10) to base 8.
62512
47686 (base 9) to base 14
b8b5
111021 (base 5) to base 9
5287
Convert -2001320 (base 5) to base 2.
-111101011100100
Convert -133113 (base 4) to base 3.
-2202100
3130104 (base 5) to base 8
145300
Convert 224057 (base 8) to base 9.
125007
-5410 (base 6) to base 2
-10011001110
What is 1a1 (base 14) in base 12?
241
Convert -19e79 (base 15) to base 11.
-58344
Convert 497b (base 15) to base 8.
36431
What is -2515 (base 9) in base 15?
-852
-2b7 (base 13) to base 8
-750
-ed7 (base 16) to base 14
-1555
Convert -4869 (base 10) to base 15.
-1699
-1101110 (base 2) to base 6
-302
Convert -83 (base 11) to base 15.
-61
Convert -b190 (base 12) to base 7.
-110103
What is -a980 (base 14) in base 9?
-44183
Convert -82c (base 13) to base 14.
-714